{"version":"1.0","provider_name":"Prefeitos &amp; Gest\u00f5es","provider_url":"https:\/\/prefeitosegestoes.com.br\/portal","title":"Supremo tem maioria para validar trabalho intermitente - Prefeitos &amp; Gest\u00f5es","type":"rich","width":600,"height":338,"html":"<blockquote class=\"wp-embedded-content\" data-secret=\"VrxqXGlQVW\"><a href=\"https:\/\/prefeitosegestoes.com.br\/portal\/supremo-tem-maioria-para-validar-trabalho-intermitente\/\">Supremo tem maioria para validar trabalho intermitente<\/a><\/blockquote><iframe sandbox=\"allow-scripts\" security=\"restricted\" src=\"https:\/\/prefeitosegestoes.com.br\/portal\/supremo-tem-maioria-para-validar-trabalho-intermitente\/embed\/#?secret=VrxqXGlQVW\" width=\"600\" height=\"338\" title=\"&#8220;Supremo tem maioria para validar trabalho intermitente&#8221; &#8212; Prefeitos &amp; Gest\u00f5es\" data-secret=\"VrxqXGlQVW\" frameborder=\"0\" marginwidth=\"0\" marginheight=\"0\" scrolling=\"no\" class=\"wp-embedded-content\"><\/iframe><script>\n\/*! This file is auto-generated *\/\n!function(d,l){\"use strict\";l.querySelector&&d.addEventListener&&\"undefined\"!=typeof URL&&(d.wp=d.wp||{},d.wp.receiveEmbedMessage||(d.wp.receiveEmbedMessage=function(e){var t=e.data;if((t||t.secret||t.message||t.value)&&!\/[^a-zA-Z0-9]\/.test(t.secret)){for(var s,r,n,a=l.querySelectorAll('iframe[data-secret=\"'+t.secret+'\"]'),o=l.querySelectorAll('blockquote[data-secret=\"'+t.secret+'\"]'),c=new RegExp(\"^https?:$\",\"i\"),i=0;i<o.length;i++)o[i].style.display=\"none\";for(i=0;i<a.length;i++)s=a[i],e.source===s.contentWindow&&(s.removeAttribute(\"style\"),\"height\"===t.message?(1e3<(r=parseInt(t.value,10))?r=1e3:~~r<200&&(r=200),s.height=r):\"link\"===t.message&&(r=new URL(s.getAttribute(\"src\")),n=new URL(t.value),c.test(n.protocol))&&n.host===r.host&&l.activeElement===s&&(d.top.location.href=t.value))}},d.addEventListener(\"message\",d.wp.receiveEmbedMessage,!1),l.addEventListener(\"DOMContentLoaded\",function(){for(var e,t,s=l.querySelectorAll(\"iframe.wp-embedded-content\"),r=0;r<s.length;r++)(t=(e=s[r]).getAttribute(\"data-secret\"))||(t=Math.random().toString(36).substring(2,12),e.src+=\"#?secret=\"+t,e.setAttribute(\"data-secret\",t)),e.contentWindow.postMessage({message:\"ready\",secret:t},\"*\")},!1)))}(window,document);\n\/\/# sourceURL=https:\/\/prefeitosegestoes.com.br\/portal\/wp-includes\/js\/wp-embed.min.js\n<\/script>\n","thumbnail_url":"https:\/\/prefeitosegestoes.com.br\/portal\/wp-content\/uploads\/2024\/12\/mg_5584.webp","thumbnail_width":1024,"thumbnail_height":768,"description":"Faltam os votos de quatro ministros para conclus\u00e3o do julgamento Andr\u00e9 Richter &#8211; Rep\u00f3rter da Ag\u00eancia Brasil Publicado em 06\/12\/2024 &#8211; 20:34 Bras\u00edlia \u00a9 Marcello Casal JrAg\u00eancia Brasil Vers\u00e3o em \u00e1udio O Supremo Tribunal Federal (STF) formou nesta sexta-feira (6) maioria de votos para confirmar a constitucionalidade do contrato de trabalho intermitente, inserido na Consolida\u00e7\u00e3o [&hellip;]"}

Prefeitos &amp; Gestões

Supremo tem maioria para validar trabalho intermitente - Prefeitos &amp; Gestões

<blockquote class="wp-embedded-content" data-secret="VrxqXGlQVW"><a href="https://prefeitosegestoes.com.br/portal/supremo-tem-maioria-para-validar-trabalho-intermitente/">Supremo tem maioria para validar trabalho intermitente</a></blockquote><iframe sandbox="allow-scripts" security="restricted" src="https://prefeitosegestoes.com.br/portal/supremo-tem-maioria-para-validar-trabalho-intermitente/embed/#?secret=VrxqXGlQVW" width="600" height="338" title="&#8220;Supremo tem maioria para validar trabalho intermitente&#8221; &#8212; Prefeitos &amp; Gestões" data-secret="VrxqXGlQVW" frameborder="0" marginwidth="0" marginheight="0" scrolling="no" class="wp-embedded-content"></iframe><script>
/*! This file is auto-generated */
!function(d,l){"use strict";l.querySelector&&d.addEventListener&&"undefined"!=typeof URL&&(d.wp=d.wp||{},d.wp.receiveEmbedMessage||(d.wp.receiveEmbedMessage=function(e){var t=e.data;if((t||t.secret||t.message||t.value)&&!/[^a-zA-Z0-9]/.test(t.secret)){for(var s,r,n,a=l.querySelectorAll('iframe[data-secret="'+t.secret+'"]'),o=l.querySelectorAll('blockquote[data-secret="'+t.secret+'"]'),c=new RegExp("^https?:$","i"),i=0;i<o.length;i++)o[i].style.display="none";for(i=0;i<a.length;i++)s=a[i],e.source===s.contentWindow&&(s.removeAttribute("style"),"height"===t.message?(1e3<(r=parseInt(t.value,10))?r=1e3:~~r<200&&(r=200),s.height=r):"link"===t.message&&(r=new URL(s.getAttribute("src")),n=new URL(t.value),c.test(n.protocol))&&n.host===r.host&&l.activeElement===s&&(d.top.location.href=t.value))}},d.addEventListener("message",d.wp.receiveEmbedMessage,!1),l.addEventListener("DOMContentLoaded",function(){for(var e,t,s=l.querySelectorAll("iframe.wp-embedded-content"),r=0;r<s.length;r++)(t=(e=s[r]).getAttribute("data-secret"))||(t=Math.random().toString(36).substring(2,12),e.src+="#?secret="+t,e.setAttribute("data-secret",t)),e.contentWindow.postMessage({message:"ready",secret:t},"*")},!1)))}(window,document);
//# sourceURL=https://prefeitosegestoes.com.br/portal/wp-includes/js/wp-embed.min.js
</script>

Faltam os votos de quatro ministros para conclusão do julgamento André Richter &#8211; Repórter da Agência Brasil Publicado em 06/12/2024 &#8211; 20:34 Brasília © Marcello Casal JrAgência Brasil Versão em áudio O Supremo Tribunal Federal (STF) formou nesta sexta-feira (6) maioria de votos para confirmar a constitucionalidade do contrato de trabalho intermitente, inserido na Consolidação [&hellip;]
